{"id":17148,"date":"2025-06-06T06:24:17","date_gmt":"2025-06-06T06:24:17","guid":{"rendered":"https:\/\/indologistics.co\/wishandbuy\/?post_type=product&#038;p=17148"},"modified":"2025-07-30T01:52:34","modified_gmt":"2025-07-30T01:52:34","slug":"bijok-bet-vistiek-daryk","status":"publish","type":"product","link":"https:\/\/wishandbuy.com\/?product=bijok-bet-vistiek-daryk","title":{"rendered":"Bijok, bet vistiek daryk"},"content":{"rendered":"<ul>\n<li>Autorius:\u00a0<a href=\"https:\/\/www.knygos.lt\/lt\/knygos\/autorius\/susan-jeffers\/\" target=\"_blank\" rel=\"noopener noreferrer\" data-saferedirecturl=\"https:\/\/www.google.com\/url?q=https:\/\/www.knygos.lt\/lt\/knygos\/autorius\/susan-jeffers\/&amp;source=gmail&amp;ust=1661679026355000&amp;usg=AOvVaw1CGyZGa0FJjeKW6YUb23gc\">Susan Jeffers<\/a><\/li>\n<li>Leid\u0117jas:\u00a0<a href=\"https:\/\/www.knygos.lt\/lt\/knygos\/leidejas\/meiles--kelias\/\" target=\"_blank\" rel=\"noopener noreferrer\" data-saferedirecturl=\"https:\/\/www.google.com\/url?q=https:\/\/www.knygos.lt\/lt\/knygos\/leidejas\/meiles--kelias\/&amp;source=gmail&amp;ust=1661679026355000&amp;usg=AOvVaw2BQubl24P7Z7K3jCAh2G2i\">Meil\u0117s kelias<\/a><\/li>\n<li>Metai:\u00a02012<\/li>\n<li>Puslapiai:\u00a0193<\/li>\n<li>ISBN:\u00a09786098054040<\/li>\n<li>Versijos kodas:\u00a0PT.<\/li>\n<li>Formatas:\u00a014 x 21 cm, mink\u0161ti vir\u0161eliai<\/li>\n<li>Kalba:\u00a0Lietuvi\u0173<\/li>\n<li>Vert\u0117jas: Giedr\u0117 Putelyt\u0117 Kaina 8 eur<\/li>\n<\/ul>\n<p>&nbsp;<\/p>\n<p>Veiksmingi b\u016bdai, kaip baim\u0119, nery\u017etingum\u0105 ir pykt\u012f paversti \u012f gali\u0105, veikim\u0105 ir meil\u0119.<\/p>\n<p>Kas jums neleid\u017eia b\u016bti tokiu \u017emogumi, kokiu norite, ir gyventi taip, kaip norite?<\/p>\n<p>Baim\u0117 pasikalb\u0117ti su vir\u0161ininku, baim\u0117 i\u0161kelti \u012f pavir\u0161i\u0173 \u0161eimynines problemas, poky\u010di\u0173 baim\u0117, baim\u0117 prisiimti atsakomyb\u0119&#8230; Kiekvienas \u017emogus patiria \u0161ias baimes ir jos mus lydi vis\u0105 gyvenim\u0105.<\/p>\n<p>\u012ekvepianti\u00a0Suzanos D\u017eefers\u00a0knyga\u00a0\u201eBijok, bet vistiek daryk\u201c\u00a0lau\u017eo nusistov\u0117jusius m\u0105stymo stereotipus, padeda i\u0161sivaduoti i\u0161 u\u017eburto baim\u0117s rato ir rasti problem\u0173 sprendimus. Ji si\u016blo veikti nepaisant patiriamos baim\u0117s.<\/p>\n<p>Suzanos D\u017eefers\u00a0pateikti paprasti, bet \u012f\u017evalg\u016bs pratimai jau \u012fkv\u0117p\u0117 t\u016bkstan\u010dius \u017emoni\u0173 paversti pykt\u012f meile ir abejones veiksmu.<\/p>\n<p>Ar j\u016bs\u0173 baim\u0117 susijusi su karjera, ar su santykiais, galite i\u0161mokti priimti ir nugal\u0117ti j\u0105, u\u017euot laik\u0119 neper\u017eengiamu barjeru kelyje \u012f s\u0117km\u0119.<\/p>\n","protected":false},"excerpt":{"rendered":"<ul>\n<li>Author:\u00a0<a href=\"https:\/\/www.knygos.lt\/lt\/knygos\/autorius\/susan-jeffers\/\" target=\"_blank\" rel=\"noopener\">Susan Jeffers<\/a><\/li>\n<li>Publisher:\u00a0<a href=\"https:\/\/www.knygos.lt\/lt\/knygos\/leidejas\/meiles--kelias\/\" target=\"_blank\" rel=\"noopener\">The Way of Love<\/a><\/li>\n<li>Year:\u00a02012<\/li>\n<li>Pages:\u00a0193<\/li>\n<li>ISBN:\u00a09786098054040<\/li>\n<li>Version code:\u00a0PT.<\/li>\n<li>Format:\u00a014 x 21 cm, paperback<\/li>\n<li>Language:\u00a0Lithuanian<\/li>\n<li>Translator:\u00a0Giedr\u0117 Putelyt\u0117<\/li>\n<\/ul>\n","protected":false},"featured_media":17240,"comment_status":"open","ping_status":"closed","template":"","meta":[],"product_brand":[],"product_cat":[185],"product_tag":[],"class_list":{"0":"post-17148","1":"product","2":"type-product","3":"status-publish","4":"has-post-thumbnail","6":"product_cat-books","8":"first","9":"instock","10":"shipping-taxable","11":"purchasable","12":"product-type-simple"},"_links":{"self":[{"href":"https:\/\/wishandbuy.com\/index.php?rest_route=\/wp\/v2\/product\/17148","targetHints":{"allow":["GET"]}}],"collection":[{"href":"https:\/\/wishandbuy.com\/index.php?rest_route=\/wp\/v2\/product"}],"about":[{"href":"https:\/\/wishandbuy.com\/index.php?rest_route=\/wp\/v2\/types\/product"}],"replies":[{"embeddable":true,"href":"https:\/\/wishandbuy.com\/index.php?rest_route=%2Fwp%2Fv2%2Fcomments&post=17148"}],"version-history":[{"count":1,"href":"https:\/\/wishandbuy.com\/index.php?rest_route=\/wp\/v2\/product\/17148\/revisions"}],"predecessor-version":[{"id":17167,"href":"https:\/\/wishandbuy.com\/index.php?rest_route=\/wp\/v2\/product\/17148\/revisions\/17167"}],"wp:featuredmedia":[{"embeddable":true,"href":"https:\/\/wishandbuy.com\/index.php?rest_route=\/wp\/v2\/media\/17240"}],"wp:attachment":[{"href":"https:\/\/wishandbuy.com\/index.php?rest_route=%2Fwp%2Fv2%2Fmedia&parent=17148"}],"wp:term":[{"taxonomy":"product_brand","embeddable":true,"href":"https:\/\/wishandbuy.com\/index.php?rest_route=%2Fwp%2Fv2%2Fproduct_brand&post=17148"},{"taxonomy":"product_cat","embeddable":true,"href":"https:\/\/wishandbuy.com\/index.php?rest_route=%2Fwp%2Fv2%2Fproduct_cat&post=17148"},{"taxonomy":"product_tag","embeddable":true,"href":"https:\/\/wishandbuy.com\/index.php?rest_route=%2Fwp%2Fv2%2Fproduct_tag&post=17148"}],"curies":[{"name":"wp","href":"https:\/\/api.w.org\/{rel}","templated":true}]}}